{"id":2832,"date":"2024-06-20T08:41:49","date_gmt":"2024-06-20T08:41:49","guid":{"rendered":"https:\/\/cionluxury.com\/?post_type=product&#038;p=2832"},"modified":"2024-10-27T06:11:49","modified_gmt":"2024-10-27T06:11:49","slug":"lac-tay-vca-dinh-kim-2","status":"publish","type":"product","link":"https:\/\/ciondiamond.com\/?product=lac-tay-vca-dinh-kim-2","title":{"rendered":"L\u1eafc Tay VCA \u0110\u00ednh Kim"},"content":{"rendered":"<p><span class=\"emoji-sizer emoji-outer \">&#x1f48e;<\/span><span class=\"text\">\u00a0Ch\u1ea5t li\u1ec7u v\u00e0ng 18k AU750 v\u00e0 kim c\u01b0\u01a1ng thi\u00ean nhi\u00ean n\u01b0\u1edbc cao s\u1ea1ch l\u1eeda m\u1ea1nh<br \/>\n<\/span><span class=\"emoji-sizer emoji-outer \">&#x1f48e;<\/span><span class=\"text\">\u00a0S\u1ea3n ph\u1ea9m c\u00f3 ch\u1ee9ng th\u01b0, ki\u1ec3m \u0111\u1ecbnh ch\u1ea5t l\u01b0\u1ee3ng t\u1ea1i c\u00e1c trung t\u00e2m ki\u1ec3m \u0111\u1ecbnh v\u00e0ng b\u1ea1c \u0111\u00e1 qu\u00fd l\u1edbn nh\u1ea5t t\u1ea1i VietNam nh\u01b0 Doji \/ GIV\/ PNJ<br \/>\n<\/span>&#x267b;&#xfe0f; Ho\u00e0n tr\u1ea3 100% khi s\u1ea3n ph\u1ea9m kh\u00f4ng \u0111\u00fang ki\u1ec3m \u0111\u1ecbnh.<\/p>\n<p>M\u00f4 t\u1ea3 chung\u00a0<strong>L\u1eafc Tay VCA \u0110\u00ednh Kim<\/strong><\/p>\n<ul>\n<li>Th\u01b0\u01a1ng Hi\u1ec7u: VAN<\/li>\n<li>Ch\u1ea5t li\u1ec7u: V\u00e0ng 18k<\/li>\n<li>H\u1ecda ti\u1ebft: \u0110\u00ednh 24 vi\u00ean kim c\u01b0\u01a1ng thi\u00ean nhi\u00ean (1,50-2mm)<\/li>\n<li>M\u00e0u s\u1eafc: V\u00e0ng Tr\u1eafng, V\u00e0ng V\u00e0ng, V\u00e0ng H\u1ed3ng<\/li>\n<\/ul>\n","protected":false},"excerpt":{"rendered":"<p>&#x1f48e;\u00a0Ch\u1ea5t li\u1ec7u v\u00e0ng 18k AU750 v\u00e0 kim c\u01b0\u01a1ng thi\u00ean nhi\u00ean n\u01b0\u1edbc cao s\u1ea1ch l\u1eeda m\u1ea1nh &#x1f48e;\u00a0S\u1ea3n ph\u1ea9m c\u00f3 ch\u1ee9ng th\u01b0, ki\u1ec3m \u0111\u1ecbnh ch\u1ea5t l\u01b0\u1ee3ng t\u1ea1i c\u00e1c trung t\u00e2m ki\u1ec3m \u0111\u1ecbnh v\u00e0ng b\u1ea1c \u0111\u00e1 qu\u00fd l\u1edbn nh\u1ea5t t\u1ea1i VietNam nh\u01b0 Doji \/ GIV\/ PNJ &#x267b;&#xfe0f; Ho\u00e0n tr\u1ea3 100% khi s\u1ea3n ph\u1ea9m kh\u00f4ng \u0111\u00fang ki\u1ec3m \u0111\u1ecbnh. M\u00f4 [&#8230;]\n","protected":false},"featured_media":2834,"template":"","meta":[],"product_cat":[44,58,77],"product_tag":[],"class_list":{"0":"post-2832","1":"product","2":"type-product","3":"status-publish","4":"has-post-thumbnail","6":"product_cat-trang-suc-nu","7":"product_cat-vongtay-nu","8":"product_cat-van-cleef-and-arpels-vong-tay-nu","10":"first","11":"instock","12":"shipping-taxable","13":"purchasable","14":"product-type-simple"},"yoast_head":"<!-- This site is optimized with the Yoast SEO plugin v26.0 - https:\/\/yoast.com\/wordpress\/plugins\/seo\/ -->\n<title>L\u1eafc Tay VCA \u0110\u00ednh Kim - CION Diamond<\/title>\n<meta name=\"robots\" content=\"noindex, follow, max-snippet:-1, max-image-preview:large, max-video-preview:-1\" \/>\n<meta property=\"og:locale\" content=\"vi_VN\" \/>\n<meta property=\"og:type\" content=\"article\" \/>\n<meta property=\"og:title\" content=\"L\u1eafc Tay VCA \u0110\u00ednh Kim - CION Diamond\" \/>\n<meta property=\"og:description\" content=\"&#x1f48e;\u00a0Ch\u1ea5t li\u1ec7u v\u00e0ng 18k AU750 v\u00e0 kim c\u01b0\u01a1ng thi\u00ean nhi\u00ean n\u01b0\u1edbc cao s\u1ea1ch l\u1eeda m\u1ea1nh &#x1f48e;\u00a0S\u1ea3n ph\u1ea9m c\u00f3 ch\u1ee9ng th\u01b0, ki\u1ec3m \u0111\u1ecbnh ch\u1ea5t l\u01b0\u1ee3ng t\u1ea1i c\u00e1c trung t\u00e2m ki\u1ec3m \u0111\u1ecbnh v\u00e0ng b\u1ea1c \u0111\u00e1 qu\u00fd l\u1edbn nh\u1ea5t t\u1ea1i VietNam nh\u01b0 Doji \/ GIV\/ PNJ &#x267b;&#xfe0f; Ho\u00e0n tr\u1ea3 100% khi s\u1ea3n ph\u1ea9m kh\u00f4ng \u0111\u00fang ki\u1ec3m \u0111\u1ecbnh. M\u00f4 [...]\" \/>\n<meta property=\"og:url\" content=\"https:\/\/ciondiamond.com\/?product=lac-tay-vca-dinh-kim-2\" \/>\n<meta property=\"og:site_name\" content=\"CION Diamond\" \/>\n<meta property=\"article:modified_time\" content=\"2024-10-27T06:11:49+00:00\" \/>\n<meta property=\"og:image\" content=\"https:\/\/ciondiamond.com\/wp-content\/uploads\/2024\/06\/z4648519788423_8439146a8a67f3d8fcdc9e018aa94e38.jpg\" \/>\n\t<meta property=\"og:image:width\" content=\"1640\" \/>\n\t<meta property=\"og:image:height\" content=\"1640\" \/>\n\t<meta property=\"og:image:type\" content=\"image\/jpeg\" \/>\n<meta name=\"twitter:card\" content=\"summary_large_image\" \/>\n<meta name=\"twitter:label1\" content=\"\u01af\u1edbc t\u00ednh th\u1eddi gian \u0111\u1ecdc\" \/>\n\t<meta name=\"twitter:data1\" content=\"1 ph\u00fat\" \/>\n<script type=\"application\/ld+json\" class=\"yoast-schema-graph\">{\"@context\":\"https:\/\/schema.org\",\"@graph\":[{\"@type\":\"WebPage\",\"@id\":\"https:\/\/ciondiamond.com\/?product=lac-tay-vca-dinh-kim-2\",\"url\":\"https:\/\/ciondiamond.com\/?product=lac-tay-vca-dinh-kim-2\",\"name\":\"L\u1eafc Tay VCA \u0110\u00ednh Kim - CION Diamond\",\"isPartOf\":{\"@id\":\"https:\/\/ciondiamond.com\/#website\"},\"primaryImageOfPage\":{\"@id\":\"https:\/\/ciondiamond.com\/?product=lac-tay-vca-dinh-kim-2#primaryimage\"},\"image\":{\"@id\":\"https:\/\/ciondiamond.com\/?product=lac-tay-vca-dinh-kim-2#primaryimage\"},\"thumbnailUrl\":\"https:\/\/ciondiamond.com\/wp-content\/uploads\/2024\/06\/z4648519788423_8439146a8a67f3d8fcdc9e018aa94e38.jpg\",\"datePublished\":\"2024-06-20T08:41:49+00:00\",\"dateModified\":\"2024-10-27T06:11:49+00:00\",\"breadcrumb\":{\"@id\":\"https:\/\/ciondiamond.com\/?product=lac-tay-vca-dinh-kim-2#breadcrumb\"},\"inLanguage\":\"vi\",\"potentialAction\":[{\"@type\":\"ReadAction\",\"target\":[\"https:\/\/ciondiamond.com\/?product=lac-tay-vca-dinh-kim-2\"]}]},{\"@type\":\"ImageObject\",\"inLanguage\":\"vi\",\"@id\":\"https:\/\/ciondiamond.com\/?product=lac-tay-vca-dinh-kim-2#primaryimage\",\"url\":\"https:\/\/ciondiamond.com\/wp-content\/uploads\/2024\/06\/z4648519788423_8439146a8a67f3d8fcdc9e018aa94e38.jpg\",\"contentUrl\":\"https:\/\/ciondiamond.com\/wp-content\/uploads\/2024\/06\/z4648519788423_8439146a8a67f3d8fcdc9e018aa94e38.jpg\",\"width\":1640,\"height\":1640},{\"@type\":\"BreadcrumbList\",\"@id\":\"https:\/\/ciondiamond.com\/?product=lac-tay-vca-dinh-kim-2#breadcrumb\",\"itemListElement\":[{\"@type\":\"ListItem\",\"position\":1,\"name\":\"Trang ch\u1ee7\",\"item\":\"https:\/\/ciondiamond.com\/\"},{\"@type\":\"ListItem\",\"position\":2,\"name\":\"Shop\",\"item\":\"https:\/\/ciondiamond.com\/?page_id=6\"},{\"@type\":\"ListItem\",\"position\":3,\"name\":\"L\u1eafc Tay VCA \u0110\u00ednh Kim\"}]},{\"@type\":\"WebSite\",\"@id\":\"https:\/\/ciondiamond.com\/#website\",\"url\":\"https:\/\/ciondiamond.com\/\",\"name\":\"CION Diamond\",\"description\":\"\",\"potentialAction\":[{\"@type\":\"SearchAction\",\"target\":{\"@type\":\"EntryPoint\",\"urlTemplate\":\"https:\/\/ciondiamond.com\/?s={search_term_string}\"},\"query-input\":{\"@type\":\"PropertyValueSpecification\",\"valueRequired\":true,\"valueName\":\"search_term_string\"}}],\"inLanguage\":\"vi\"}]}<\/script>\n<!-- \/ Yoast SEO plugin. -->","yoast_head_json":{"title":"L\u1eafc Tay VCA \u0110\u00ednh Kim - CION Diamond","robots":{"index":"noindex","follow":"follow","max-snippet":"max-snippet:-1","max-image-preview":"max-image-preview:large","max-video-preview":"max-video-preview:-1"},"og_locale":"vi_VN","og_type":"article","og_title":"L\u1eafc Tay VCA \u0110\u00ednh Kim - CION Diamond","og_description":"&#x1f48e;\u00a0Ch\u1ea5t li\u1ec7u v\u00e0ng 18k AU750 v\u00e0 kim c\u01b0\u01a1ng thi\u00ean nhi\u00ean n\u01b0\u1edbc cao s\u1ea1ch l\u1eeda m\u1ea1nh &#x1f48e;\u00a0S\u1ea3n ph\u1ea9m c\u00f3 ch\u1ee9ng th\u01b0, ki\u1ec3m \u0111\u1ecbnh ch\u1ea5t l\u01b0\u1ee3ng t\u1ea1i c\u00e1c trung t\u00e2m ki\u1ec3m \u0111\u1ecbnh v\u00e0ng b\u1ea1c \u0111\u00e1 qu\u00fd l\u1edbn nh\u1ea5t t\u1ea1i VietNam nh\u01b0 Doji \/ GIV\/ PNJ &#x267b;&#xfe0f; Ho\u00e0n tr\u1ea3 100% khi s\u1ea3n ph\u1ea9m kh\u00f4ng \u0111\u00fang ki\u1ec3m \u0111\u1ecbnh. M\u00f4 [...]","og_url":"https:\/\/ciondiamond.com\/?product=lac-tay-vca-dinh-kim-2","og_site_name":"CION Diamond","article_modified_time":"2024-10-27T06:11:49+00:00","og_image":[{"width":1640,"height":1640,"url":"https:\/\/ciondiamond.com\/wp-content\/uploads\/2024\/06\/z4648519788423_8439146a8a67f3d8fcdc9e018aa94e38.jpg","type":"image\/jpeg"}],"twitter_card":"summary_large_image","twitter_misc":{"\u01af\u1edbc t\u00ednh th\u1eddi gian \u0111\u1ecdc":"1 ph\u00fat"},"schema":{"@context":"https:\/\/schema.org","@graph":[{"@type":"WebPage","@id":"https:\/\/ciondiamond.com\/?product=lac-tay-vca-dinh-kim-2","url":"https:\/\/ciondiamond.com\/?product=lac-tay-vca-dinh-kim-2","name":"L\u1eafc Tay VCA \u0110\u00ednh Kim - CION Diamond","isPartOf":{"@id":"https:\/\/ciondiamond.com\/#website"},"primaryImageOfPage":{"@id":"https:\/\/ciondiamond.com\/?product=lac-tay-vca-dinh-kim-2#primaryimage"},"image":{"@id":"https:\/\/ciondiamond.com\/?product=lac-tay-vca-dinh-kim-2#primaryimage"},"thumbnailUrl":"https:\/\/ciondiamond.com\/wp-content\/uploads\/2024\/06\/z4648519788423_8439146a8a67f3d8fcdc9e018aa94e38.jpg","datePublished":"2024-06-20T08:41:49+00:00","dateModified":"2024-10-27T06:11:49+00:00","breadcrumb":{"@id":"https:\/\/ciondiamond.com\/?product=lac-tay-vca-dinh-kim-2#breadcrumb"},"inLanguage":"vi","potentialAction":[{"@type":"ReadAction","target":["https:\/\/ciondiamond.com\/?product=lac-tay-vca-dinh-kim-2"]}]},{"@type":"ImageObject","inLanguage":"vi","@id":"https:\/\/ciondiamond.com\/?product=lac-tay-vca-dinh-kim-2#primaryimage","url":"https:\/\/ciondiamond.com\/wp-content\/uploads\/2024\/06\/z4648519788423_8439146a8a67f3d8fcdc9e018aa94e38.jpg","contentUrl":"https:\/\/ciondiamond.com\/wp-content\/uploads\/2024\/06\/z4648519788423_8439146a8a67f3d8fcdc9e018aa94e38.jpg","width":1640,"height":1640},{"@type":"BreadcrumbList","@id":"https:\/\/ciondiamond.com\/?product=lac-tay-vca-dinh-kim-2#breadcrumb","itemListElement":[{"@type":"ListItem","position":1,"name":"Trang ch\u1ee7","item":"https:\/\/ciondiamond.com\/"},{"@type":"ListItem","position":2,"name":"Shop","item":"https:\/\/ciondiamond.com\/?page_id=6"},{"@type":"ListItem","position":3,"name":"L\u1eafc Tay VCA \u0110\u00ednh Kim"}]},{"@type":"WebSite","@id":"https:\/\/ciondiamond.com\/#website","url":"https:\/\/ciondiamond.com\/","name":"CION Diamond","description":"","potentialAction":[{"@type":"SearchAction","target":{"@type":"EntryPoint","urlTemplate":"https:\/\/ciondiamond.com\/?s={search_term_string}"},"query-input":{"@type":"PropertyValueSpecification","valueRequired":true,"valueName":"search_term_string"}}],"inLanguage":"vi"}]}},"_links":{"self":[{"href":"https:\/\/ciondiamond.com\/index.php?rest_route=\/wp\/v2\/product\/2832","targetHints":{"allow":["GET"]}}],"collection":[{"href":"https:\/\/ciondiamond.com\/index.php?rest_route=\/wp\/v2\/product"}],"about":[{"href":"https:\/\/ciondiamond.com\/index.php?rest_route=\/wp\/v2\/types\/product"}],"wp:featuredmedia":[{"embeddable":true,"href":"https:\/\/ciondiamond.com\/index.php?rest_route=\/wp\/v2\/media\/2834"}],"wp:attachment":[{"href":"https:\/\/ciondiamond.com\/index.php?rest_route=%2Fwp%2Fv2%2Fmedia&parent=2832"}],"wp:term":[{"taxonomy":"product_cat","embeddable":true,"href":"https:\/\/ciondiamond.com\/index.php?rest_route=%2Fwp%2Fv2%2Fproduct_cat&post=2832"},{"taxonomy":"product_tag","embeddable":true,"href":"https:\/\/ciondiamond.com\/index.php?rest_route=%2Fwp%2Fv2%2Fproduct_tag&post=2832"}],"curies":[{"name":"wp","href":"https:\/\/api.w.org\/{rel}","templated":true}]}}